CREATE DATABASE IF NOT EXISTS `jeu_mot_cache`;
USE `jeu_mot_cache`;


CREATE TABLE IF NOT EXISTS `joueur` (
  `id` int(10) unsigned NOT NULL AUTO_INCREMENT,
  `nom` varchar(50) NOT NULL,
  `score` int(10) unsigned NOT NULL DEFAULT '0',
  PRIMARY KEY (`id`)
) ENGINE=InnoDB AUTO_INCREMENT=401 DEFAULT CHARSET=utf8;

INSERT INTO `joueur` (`id`, `nom`, `score`) VALUES
	(1, 'Abdul', 76),
	(2, 'Abel', 21),
	(3, 'Adam', 115),
	(4, 'Adams', 109),
	(5, 'Addel', 120),
	(6, 'Adelie', 98),
	(7, 'Adele', 225),
	(8, 'Adel', 95),
	(9, 'Aenor', 82),
	(10, 'Aeris', 120),
	(11, 'Aeryn', 91),
	(12, 'Aglae', 91),
	(13, 'Agnès', 109),
	(14, 'Aharon', 210),
	(15, 'Ahmed', 126),
	(16, 'Aicha', 218),
	(17, 'Aida', 122),
	(18, 'Aime', 33),
	(19, 'Aimée', 173),
	(20, 'Alan', 187),
	(21, 'Alaric', 121),
	(22, 'Alban', 137),
	(23, 'Albane', 58),
	(24, 'Albert', 135),
	(25, 'Alda', 9),
	(26, 'Aldo', 147),
	(27, '58', 14),
	(28, 'Alexis', 91),
	(29, 'Alex', 237),
	(30, 'Alexa', 18),
	(31, 'Alexia', 46),
	(32, 'Alfred', 241),
	(33, 'Alicia', 168),
	(34, 'Aline', 143),
	(35, 'Alison', 72),
	(36, 'Alissa', 15),
	(37, 'Alix', 207),
	(38, 'Alma', 222),
	(39, 'Aloïs', 6),
	(40, 'Alpha', 241),
	(41, 'Alya', 100),
	(42, 'Alyssa', 100),
	(43, 'Amalia', 51),
	(44, 'Amand', 183),
	(45, 'Amaury', 108),
	(46, 'Ambre', 244),
	(47, 'Amedée', 23),
	(48, 'Amel', 136),
	(49, 'Amelia', 40),
	(50, 'Amine', 137),
	(51, 'Amina', 136),
	(52, 'Amir', 215),
	(53, 'Anae', 239),
	(54, 'Anaée', 224),
	(55, 'Anakin', 226),
	(56, 'Anaïs', 36),
	(57, 'Andre', 179),
	(58, 'Andrea', 76),
	(59, 'Andy', 133),
	(60, 'Angèle', 34),
	(61, 'Angus', 75),
	(62, 'Anicet', 41),
	(63, 'Anis', 158),
	(64, 'Anissa', 11),
	(65, 'Anna', 176),
	(66, 'Anne', 78),
	(67, 'Annie', 159),
	(68, 'Annick', 100),
	(69, 'Anouk', 237),
	(70, 'Anton', 198),
	(71, 'Anys', 144),
	(72, 'Ariane', 70),
	(73, 'Ariel', 9),
	(74, 'Armand', 123),
	(75, 'Armel', 211),
	(76, 'Arnaud', 231),
	(77, 'Arnold', 249),
	(78, 'Arsene', 184),
	(79, 'Arwen', 35),
	(80, 'Arya', 108),
	(81, 'Asma', 153),
	(82, 'Assia', 93),
	(83, 'Astrid', 185),
	(84, 'Astrée', 115),
	(85, 'Atika', 127),
	(86, 'Attika', 142),
	(87, 'Aubert', 212),
	(88, 'Aubin', 73),
	(89, 'Aubry', 38),
	(90, 'Aude', 158),
	(91, 'Audric', 146),
	(92, 'Aure', 151),
	(93, 'Aurele', 150),
	(94, 'Aurore', 166),
	(95, 'Austin', 0),
	(96, 'Aviva', 170),
	(97, 'Axelle', 47),
	(98, 'Axel', 220),
	(99, 'Ayoub', 149),
	(100, 'Aziz', 102),
	(101, 'Bachir', 213),
	(102, 'Bakary', 159),
	(103, 'Bamby', 9),
	(104, 'Basile', 210),
	(105, 'Benoit', 101),
	(106, 'Berthe', 1),
	(107, 'Beryl', 35),
	(108, 'Betty', 67),
	(109, 'Bilal', 0),
	(110, 'Billy', 243),
	(111, 'Blaise', 181),
	(112, 'Bonnie', 51),
	(113, 'Brenda', 233),
	(114, 'Briac', 154),
	(115, 'Brian', 142),
	(116, 'Brice', 138),
	(117, 'Bruce', 6),
	(118, 'Brune', 248),
	(119, 'Bruno', 166),
	(120, 'Bryan', 125),
	(121, 'Carine', 83),
	(122, 'Carl', 93),
	(123, 'Carla', 202),
	(124, 'Cathy', 119),
	(125, 'Celine', 6),
	(126, 'Celio', 150),
	(127, 'Cerise', 212),
	(128, 'Cesar', 98),
	(129, 'Chaim', 71),
	(130, 'Chanel', 80),
	(131, 'Chaïma', 27),
	(132, 'Cheryl', 45),
	(133, 'Chiara', 129),
	(134, 'Chloé', 117),
	(135, 'Cindy', 40),
	(136, 'Clark', 62),
	(137, 'Claude', 59),
	(138, 'Clea', 107),
	(139, 'Clelia', 100),
	(140, 'Cliff', 19),
	(141, 'Clio', 23),
	(142, 'Clovis', 150),
	(143, 'Colin', 27),
	(144, 'Coline', 165),
	(145, 'Come', 145),
	(146, 'Conrad', 242),
	(147, 'Cora', 46),
	(148, 'Cyril', 205),
	(149, 'Cécile', 136),
	(150, 'Cédric', 113),
	(151, 'Célia', 39),
	(152, 'Dagmar', 195),
	(153, 'Daisy', 14),
	(154, 'Danny', 117),
	(155, 'Daphne', 14),
	(156, 'Daria', 134),
	(157, 'Dave', 211),
	(158, 'David', 9),
	(159, 'Davy', 111),
	(160, 'Debra', 166),
	(161, 'Denis', 127),
	(162, 'Deodat', 95),
	(163, 'Derek', 20),
	(164, 'Desire', 48),
	(165, 'Diana', 162),
	(166, 'Diane', 163),
	(167, 'Dick', 202),
	(168, 'Dina', 40),
	(169, 'Donna', 30),
	(170, 'Donald', 162),
	(171, 'Dora', 186),
	(172, 'Doris', 40),
	(173, 'Dorian', 58),
	(174, 'Dounia', 54),
	(175, 'Driss', 71),
	(176, 'Duncan', 8),
	(177, 'Dylan', 197),
	(178, 'Eddy', 202),
	(179, 'Eden', 43),
	(180, 'Edern', 100),
	(181, 'Edgar', 238),
	(182, 'Edith', 89),
	(183, 'Edmond', 164),
	(184, 'Edmée', 82),
	(185, 'Edna', 73),
	(186, 'Edwige', 103),
	(187, 'Edwin', 218),
	(188, 'Elea', 207),
	(189, 'Eleana', 165),
	(190, 'Elena', 164),
	(191, 'Elie', 154),
	(192, 'Elias', 58),
	(193, 'Elia', 94),
	(194, 'Eliane', 202),
	(195, 'Elina', 25),
	(196, 'Eline', 196),
	(197, 'Elio', 182),
	(198, 'Eliot', 192),
	(199, 'Eliott', 147),
	(200, 'Elisée', 225),
	(201, 'Elise', 233),
	(202, 'Ella', 139),
	(203, 'Ellie', 167),
	(204, 'Elliot', 161),
	(205, 'Elodie', 136),
	(206, 'Eloi', 80),
	(207, 'Eloise', 102),
	(208, 'Elorie', 243),
	(209, 'Elouan', 210),
	(210, 'Elsa', 28),
	(211, 'Elvire', 218),
	(212, 'Elyo', 4),
	(213, 'Emeric', 164),
	(214, 'Emily', 195),
	(215, 'Emma', 71),
	(216, 'Enola', 204),
	(217, 'Enzo', 63),
	(218, 'Erika', 114),
	(219, 'Ernest', 164),
	(220, 'Erwan', 18),
	(221, 'Erwin', 229),
	(222, 'Esra', 164),
	(223, 'Esther', 195),
	(224, 'Ethan', 174),
	(225, 'Ethel', 77),
	(226, 'Eugene', 211),
	(227, 'Evan', 100),
	(228, 'Evrard', 225),
	(229, 'Ewan', 82),
	(230, 'Ewen', 208),
	(231, 'Ezra', 190),
	(232, 'Fabien', 86),
	(233, 'Farah', 136),
	(234, 'Fatima', 225),
	(235, '169', 931),
	(236, '41', 237),
	(237, '84', 710),
	(238, '5', 937),
	(239, '118', 649),
	(240, '8', 733),
	(241, '59', 571),
	(242, '17', 657),
	(243, '132', 853),
	(244, '2', 793),
	(245, '122', 689),
	(246, '158', 273),
	(247, '76', 657),
	(248, '19', 248),
	(249, '177', 771),
	(250, '171', 683),
	(251, '115', 708),
	(252, '191', 851),
	(253, '139', 404),
	(254, '106', 992),
	(255, '160', 732),
	(256, '105', 518),
	(257, '34', 199),
	(258, '215', 856),
	(259, '189', 286),
	(260, '173', 991),
	(261, '147', 907),
	(262, '66', 247),
	(263, '80', 380),
	(264, '120', 985),
	(265, '139', 915),
	(266, '165', 310),
	(267, '228', 581),
	(268, '24', 472),
	(269, '71', 747),
	(270, '92', 542),
	(271, '205', 686),
	(272, '225', 728),
	(273, '132', 488),
	(274, '39', 827),
	(275, '15', 199),
	(276, '183', 251),
	(277, '141', 604),
	(278, '218', 370),
	(279, '116', 806),
	(280, '177', 172),
	(281, '19', 872),
	(282, '43', 163),
	(283, '139', 379),
	(284, '115', 668),
	(285, '6', 421),
	(286, '194', 510),
	(287, '7', 496),
	(288, '219', 224),
	(289, '201', 776),
	(290, '71', 180),
	(291, '5', 257),
	(292, '210', 232),
	(293, '103', 687),
	(294, '113', 296),
	(295, '86', 718),
	(296, '99', 212),
	(297, '127', 487),
	(298, '40', 739),
	(299, '232', 221),
	(300, '212', 392),
	(301, '6', 941),
	(302, '1', 387),
	(303, '181', 536),
	(304, '27', 483),
	(305, '105', 284),
	(306, '134', 319),
	(307, '28', 543),
	(308, '114', 853),
	(309, '192', 719),
	(310, '15', 497),
	(311, '175', 777),
	(312, '209', 339),
	(313, '166', 375),
	(314, '50', 462),
	(315, '214', 724),
	(316, '193', 189),
	(317, '215', 730),
	(318, '158', 476),
	(319, '87', 242),
	(320, '93', 152),
	(321, '165', 212),
	(322, '140', 279),
	(323, '29', 867),
	(324, '175', 460),
	(325, '57', 485),
	(326, '90', 486),
	(327, '87', 500),
	(328, '151', 481),
	(329, '29', 419),
	(330, '168', 850),
	(331, '141', 664),
	(332, '146', 1000),
	(333, '105', 862),
	(334, '157', 505),
	(335, '71', 356),
	(336, '205', 609),
	(337, '16', 451),
	(338, '108', 171),
	(339, '110', 318),
	(340, '64', 230),
	(341, '116', 576),
	(342, '147', 493),
	(343, '127', 726),
	(344, '41', 894),
	(345, '14', 810),
	(346, '198', 632),
	(347, '50', 250),
	(348, '128', 545),
	(349, '186', 587),
	(350, '37', 166),
	(351, '16', 585),
	(352, '174', 636),
	(353, '199', 777),
	(354, '139', 664),
	(355, '212', 933),
	(356, '137', 371),
	(357, '6', 697),
	(358, '61', 983),
	(359, '40', 866),
	(360, '224', 564),
	(361, '90', 926),
	(362, '134', 702),
	(363, '188', 987),
	(364, '221', 608),
	(365, '14', 240),
	(366, '41', 304),
	(367, '138', 829),
	(368, '111', 370),
	(369, '74', 949),
	(370, '29', 654),
	(371, '214', 440),
	(372, '29', 569),
	(373, '134', 406),
	(374, '93', 470),
	(375, '167', 787),
	(376, '8', 812),
	(377, '216', 759),
	(378, '88', 609),
	(379, '78', 862),
	(380, '32', 744),
	(381, '63', 794),
	(382, '217', 894),
	(383, '192', 408),
	(384, '197', 386),
	(385, '96', 997),
	(386, '3', 396),
	(387, '98', 275),
	(388, '38', 806),
	(389, '176', 174),
	(390, '39', 627),
	(391, '128', 917),
	(392, '131', 813),
	(393, '177', 169),
	(394, '11', 727),
	(395, '41', 703),
	(396, '113', 317),
	(397, '131', 503),
	(398, '82', 517),
	(399, '231', 850),
	(400, '62', 613);

CREATE TABLE IF NOT EXISTS `mot_a_trouver` (
  `id` int(11) NOT NULL AUTO_INCREMENT,
  `mot` varchar(50) NOT NULL,
  `point` int(11) NOT NULL DEFAULT '0',
  PRIMARY KEY (`id`)
) ENGINE=InnoDB AUTO_INCREMENT=1009 DEFAULT CHARSET=utf8;

INSERT INTO `mot_a_trouver` (`id`, `mot`, `point`) VALUES
	(1, 'JABIRU', 33),
	(2, 'JABLAI', 2),
	(3, 'JABLAS', 7),
	(4, 'JABLAT', 49),
	(5, 'JABLEE', 1),
	(6, 'JABLER', 16),
	(7, 'JABLES', 34),
	(8, 'JABLEZ', 43),
	(9, 'JABOTA', 38),
	(10, 'JABOTE', 27),
	(11, 'JABOTS', 31),
	(12, 'JACANA', 14),
	(13, 'JACEES', 26),
	(14, 'JACENT', 15),
	(15, 'JACKET', 24),
	(16, 'JACOTS', 8),
	(17, 'JACQUE', 3),
	(18, 'JACTAI', 46),
	(19, 'JACTAS', 27),
	(20, 'JACTAT', 50),
	(21, 'JACTEE', 37),
	(22, 'JACTER', 38),
	(23, 'JACTES', 43),
	(24, 'JACTEZ', 29),
	(25, 'JAGUAR', 27),
	(26, 'JAILLI', 24),
	(27, 'JAINAS', 35),
	(28, 'JAINES', 36),
	(29, 'JALAPS', 30),
	(30, 'JALONS', 10),
	(31, 'JALOUX', 14),
	(32, 'JAMAIS', 16),
	(33, 'JAMBEE', 39),
	(34, 'JAMBES', 9),
	(35, 'JAMBON', 6),
	(36, 'JANTES', 41),
	(37, 'JAPONS', 38),
	(38, 'JAPPAI', 28),
	(39, 'JAPPAS', 2),
	(40, 'JAPPAT', 18),
	(41, 'JAPPER', 41),
	(42, 'JAPPES', 50),
	(43, 'JAPPEZ', 15),
	(44, 'JAQUES', 7),
	(45, 'JAQUET', 33),
	(46, 'JARDES', 31),
	(47, 'JARDIN', 1),
	(48, 'JARDON', 3),
	(49, 'JARGON', 33),
	(50, 'JARRES', 39),
	(51, 'JARRET', 13),
	(52, 'JARTAI', 30),
	(53, 'JARTAS', 11),
	(54, 'JARTAT', 9),
	(55, 'JARTEE', 44),
	(56, 'JARTER', 35),
	(57, 'JARTES', 44),
	(58, 'JARTEZ', 33),
	(59, 'JASAIS', 26),
	(60, 'JASAIT', 17),
	(61, 'JASANT', 24),
	(62, 'JASEES', 40),
	(63, 'JASENT', 18),
	(64, 'JASERA', 5),
	(65, 'JASEUR', 41),
	(66, 'JASIEZ', 32),
	(67, 'JASMIN', 41),
	(68, 'JASONS', 27),
	(69, 'JASPAI', 5),
	(70, 'JASPAS', 37),
	(71, 'JASPAT', 47),
	(72, 'JASPEE', 35),
	(73, 'JASPER', 46),
	(74, 'JASPES', 50),
	(75, 'JASPEZ', 44),
	(76, 'JASSAI', 11),
	(77, 'JASSAS', 4),
	(78, 'JASSAT', 23),
	(79, 'JASSER', 5),
	(80, 'JASSES', 3),
	(81, 'JASSEZ', 44),
	(82, 'JATAKA', 38),
	(83, 'JATTEE', 2),
	(84, 'JATTES', 21),
	(85, 'JOUETS', 0),
	(86, 'JAUGEE', 16),
	(87, 'JAUGER', 10),
	(88, 'JAUGES', 15),
	(89, 'JAUGEZ', 16),
	(90, 'JAUNES', 9),
	(91, 'JAUNET', 12),
	(92, 'JAUNIE', 18),
	(93, 'JAUNIR', 1),
	(94, 'JAUNIS', 5),
	(95, 'JAUNIT', 26),
	(96, 'JAVART', 10),
	(97, 'JAVEAU', 50),
	(98, 'JAVELA', 12),
	(99, 'JAVELE', 26),
	(100, 'JAVELS', 0),
	(101, 'JAYETS', 40),
	(102, 'JAZZAI', 5),
	(103, 'JAZZAS', 45),
	(104, 'JAZZAT', 49),
	(105, 'JAZZEE', 43),
	(106, 'JAZZER', 12),
	(107, 'JAZZES', 16),
	(108, 'JAZZEZ', 46),
	(109, 'JAZZYS', 1),
	(110, 'JELLOS', 17),
	(111, 'JENNYS', 18),
	(112, 'JERKAI', 40),
	(113, 'JERKAS', 47),
	(114, 'JERKAT', 11),
	(115, 'JERKER', 17),
	(116, 'JERKES', 37),
	(117, 'JERKEZ', 45),
	(118, 'JERSEY', 27),
	(119, 'JETAGE', 15),
	(120, 'JETAIS', 30),
	(121, 'JETAIT', 6),
	(122, 'JETANT', 49),
	(123, 'JETEES', 16),
	(124, 'JETEUR', 48),
	(125, 'JETIEZ', 26),
	(126, 'JETLAG', 37),
	(127, 'JETONS', 9),
	(128, 'JETSET', 48),
	(129, 'JETTES', 29),
	(130, 'JEUDIS', 25),
	(131, 'JEUNAI', 14),
	(132, 'JEUNAS', 31),
	(133, 'JEUNAT', 46),
	(134, 'JEUNEE', 26),
	(135, 'JEUNER', 7),
	(136, 'JEUNES', 39),
	(137, 'JEUNET', 0),
	(138, 'JEUNEZ', 17),
	(139, 'JEUNOT', 5),
	(140, 'JIGGER', 12),
	(141, 'JIHADS', 41),
	(142, 'JINGLE', 35),
	(143, 'JINGXI', 22),
	(144, 'JIVARO', 12),
	(145, 'JOBARD', 36),
	(146, 'JOCKEY', 9),
	(147, 'JOCKOS', 18),
	(148, 'JODELS', 13),
	(149, 'JODLAI', 38),
	(150, 'JODLAS', 27),
	(151, 'JODLAT', 3),
	(152, 'JODLER', 14),
	(153, 'JODLES', 14),
	(154, 'JODLEZ', 35),
	(155, 'JOGGAI', 42),
	(156, 'JOGGAS', 21),
	(157, 'JOGGAT', 4),
	(158, 'JOGGER', 40),
	(159, 'JOGGES', 41),
	(160, 'JOGGEZ', 24),
	(161, 'JOICES', 13),
	(162, 'JOIGNE', 12),
	(163, 'JOINTA', 12),
	(164, 'JOINTE', 4),
	(165, 'JOINTS', 37),
	(166, 'JOJOBA', 36),
	(167, 'JOKARI', 24),
	(168, 'JOKERS', 1),
	(169, 'JOLIES', 7),
	(170, 'JOLIET', 17),
	(171, 'JOMONS', 42),
	(172, 'JONCAI', 29),
	(173, 'JONCAS', 42),
	(174, 'JONCAT', 1),
	(175, 'JONCEE', 16),
	(176, 'JONCER', 22),
	(177, 'JONCES', 34),
	(178, 'JONCEZ', 33),
	(179, 'JONCHA', 5),
	(180, 'JONCHE', 38),
	(181, 'JONGLA', 35),
	(182, 'JONGLE', 5),
	(183, 'JONQUE', 27),
	(184, 'JORANS', 50),
	(185, 'JORURI', 4),
	(186, 'JOSEPH', 0),
	(187, 'JOUAIS', 47),
	(188, 'JOUAIT', 20),
	(189, 'JOUALE', 19),
	(190, 'JOUALS', 34),
	(191, 'JOUANT', 40),
	(192, 'JOUAUX', 44),
	(193, 'JOUEES', 45),
	(194, 'JOUENT', 40),
	(195, 'JOUERA', 17),
	(196, 'JAUGEA', 0),
	(197, 'JOUEUR', 30),
	(198, 'JOUIEZ', 19),
	(199, 'JOUIRA', 31),
	(200, 'JOUJOU', 33),
	(201, 'JOULES', 47),
	(202, 'JOUONS', 24),
	(203, 'JOUTAI', 32),
	(204, 'JOUTAS', 12),
	(205, 'JOUTAT', 25),
	(206, 'JOUTER', 36),
	(207, 'JOUTES', 2),
	(208, 'JOUTEZ', 47),
	(209, 'JOUXTA', 11),
	(210, 'JOUXTE', 16),
	(211, 'JOVIAL', 14),
	(212, 'JOVIEN', 35),
	(213, 'JOYAUX', 30),
	(214, 'JOYEUX', 26),
	(215, 'JUBILA', 13),
	(216, 'JUBILE', 44),
	(217, 'JUCHAI', 43),
	(218, 'JUCHAS', 35),
	(219, 'JUCHAT', 2),
	(220, 'JUCHEE', 15),
	(221, 'JUCHER', 22),
	(222, 'JUCHES', 17),
	(223, 'JUCHEZ', 39),
	(224, 'JUDEEN', 41),
	(225, 'JUDOGI', 36),
	(226, 'JUDOKA', 24),
	(227, 'JUDRUS', 6),
	(228, 'JUGALE', 10),
	(229, 'JUGAUX', 3),
	(230, 'JUGEAI', 3),
	(231, 'JUGEAS', 5),
	(232, 'JUGEAT', 49),
	(233, 'JUGEES', 13),
	(234, 'JUGENT', 44),
	(235, 'JUGERA', 50),
	(236, 'JUGEUR', 23),
	(237, 'JUGIEZ', 47),
	(238, 'JUGULA', 33),
	(239, 'JUGULE', 7),
	(240, 'JUIVES', 3),
	(241, 'JUJUBE', 14),
	(242, 'JULEPS', 33),
	(243, 'JULIEN', 13),
	(244, 'JULIES', 39),
	(245, 'JULOTS', 46),
	(246, 'JUMARS', 8),
	(247, 'JUMBOS', 25),
	(248, 'JUMEAU', 21),
	(249, 'JUMELA', 19),
	(250, 'JUMELE', 3),
	(251, 'JUMELS', 2),
	(252, 'JUMENT', 2),
	(253, 'JUMPAI', 37),
	(254, 'JUMPAS', 9),
	(255, 'JUMPAT', 38),
	(256, 'JUMPER', 15),
	(257, 'JUMPES', 35),
	(258, 'JUMPEZ', 13),
	(259, 'JUNCOS', 22),
	(260, 'JUNGLE', 14),
	(261, 'JUNIOR', 41),
	(262, 'JUNKER', 18),
	(263, 'JUNKIE', 47),
	(264, 'JUNKYS', 49),
	(265, 'JUNTES', 44),
	(266, 'JUPIER', 17),
	(267, 'JUPONS', 45),
	(268, 'JURADE', 21),
	(269, 'JURAIS', 32),
	(270, 'JURAIT', 12),
	(271, 'JURANT', 14),
	(272, 'JURATS', 23),
	(273, 'JUREES', 28),
	(274, 'JURENT', 5),
	(275, 'JURERA', 25),
	(276, 'JUREUR', 22),
	(277, 'JURIEZ', 37),
	(278, 'JURONS', 26),
	(279, 'JUSANT', 15),
	(280, 'JUSEES', 11),
	(281, 'JUSQUE', 34),
	(282, 'JUSSIE', 1),
	(283, 'JUSSIF', 19),
	(284, 'JUSTES', 43),
	(285, 'JUSTIF', 11),
	(286, 'JUTAIS', 37),
	(287, 'JUTAIT', 38),
	(288, 'JUTANT', 10),
	(289, 'JUTENT', 28),
	(290, 'JUTERA', 17),
	(291, 'JUTEUX', 47),
	(292, 'JUTIEZ', 13),
	(293, 'JUTONS', 22),
	(294, 'BABELS', 43),
	(295, 'BABIES', 40),
	(296, 'BABILS', 34),
	(297, 'BABINE', 20),
	(298, 'BABOLA', 46),
	(299, 'BABOLE', 7),
	(300, 'BABORD', 28),
	(301, 'BABOUK', 40),
	(302, 'BACHAI', 10),
	(303, 'BACHAS', 38),
	(304, 'BACHAT', 12),
	(305, 'BACHEE', 34),
	(306, 'BACHER', 26),
	(307, 'BACHES', 48),
	(308, 'BACHEZ', 7),
	(309, 'BACHIS', 21),
	(310, 'BACHOT', 41),
	(311, 'BACLAI', 1),
	(312, 'BACLAS', 39),
	(313, 'BACLAT', 36),
	(314, 'BACLEE', 37),
	(315, 'BACLER', 39),
	(316, 'BACLES', 11),
	(317, 'BACLEZ', 43),
	(318, 'BACONS', 50),
	(319, 'BACULA', 6),
	(320, 'BACULS', 46),
	(321, 'BADAIS', 18),
	(322, 'BADAIT', 10),
	(323, 'BADAME', 39),
	(324, 'BADANT', 36),
	(325, 'BADAUD', 40),
	(326, 'BADEES', 50),
	(327, 'BADENT', 48),
	(328, 'BADERA', 35),
	(329, 'BADGEA', 16),
	(330, 'BADGEE', 26),
	(331, 'BADGER', 36),
	(332, 'BADGES', 42),
	(333, 'BADGEZ', 49),
	(334, 'BADIEZ', 37),
	(335, 'BADINA', 33),
	(336, 'BADINE', 22),
	(337, 'BADINS', 46),
	(338, 'BADOIS', 29),
	(339, 'BADONS', 18),
	(340, 'BAFFAI', 4),
	(341, 'BAFFAS', 24),
	(342, 'BAFFAT', 50),
	(343, 'BAFFEE', 47),
	(344, 'BAFFER', 40),
	(345, 'BAFFES', 1),
	(346, 'BAFFEZ', 11),
	(347, 'BAFFLE', 34),
	(348, 'BAFOUA', 5),
	(349, 'BAFOUE', 5),
	(350, 'BAFRAI', 45),
	(351, 'BAFRAS', 13),
	(352, 'BAFRAT', 29),
	(353, 'BAFREE', 41),
	(354, 'BAFRER', 39),
	(355, 'BAFRES', 21),
	(356, 'BAFREZ', 1),
	(357, 'BAGADS', 24),
	(358, 'BAGAGE', 9),
	(359, 'BAGELS', 35),
	(360, 'BAGGYS', 47),
	(361, 'BAGNES', 10),
	(362, 'BAGOUS', 15),
	(363, 'BAGOUT', 38),
	(364, 'BAGUAI', 48),
	(365, 'BAGUAS', 13),
	(366, 'BAGUAT', 38),
	(367, 'BAGUEE', 9),
	(368, 'BAGUEL', 47),
	(369, 'BAGUER', 7),
	(370, 'BAGUES', 12),
	(371, 'BAGUEZ', 1),
	(372, 'BAGUIO', 30),
	(373, 'BAHAIE', 23),
	(374, 'BAHAIS', 24),
	(375, 'BAHUTS', 19),
	(376, 'BAIENT', 26),
	(377, 'BAIERA', 28),
	(378, 'BAIGNA', 21),
	(379, 'BAIGNE', 2),
	(380, 'BAILES', 38),
	(381, 'BAILLA', 38),
	(382, 'BAILLE', 17),
	(383, 'BAILLI', 33),
	(384, 'BAINES', 30),
	(385, 'BAIRAM', 3),
	(386, 'BAISAI', 30),
	(387, 'BAISAS', 7),
	(388, 'BAISAT', 27),
	(389, 'BAISEE', 17),
	(390, 'BAISER', 7),
	(391, 'BAISES', 21),
	(392, 'BAISEZ', 17),
	(393, 'BAISSA', 8),
	(394, 'BAISSE', 10),
	(395, 'BAJOUE', 50),
	(396, 'BAKUFU', 37),
	(397, 'BALADA', 33),
	(398, 'BALADE', 37),
	(399, 'BALADO', 25),
	(400, 'BALAIE', 28),
	(401, 'BALAIS', 13),
	(402, 'BALANE', 37),
	(403, 'BALANT', 4),
	(404, 'BALAOU', 4),
	(405, 'BALATA', 11),
	(406, 'BALAYA', 12),
	(407, 'BALAYE', 29),
	(408, 'BALBOA', 8),
	(409, 'BALCON', 42),
	(410, 'BALESE', 8),
	(411, 'BALEZE', 14),
	(412, 'BALISA', 42),
	(413, 'BALISE', 49),
	(414, 'BALIVA', 27),
	(415, 'BALIVE', 17),
	(416, 'BALLAI', 16),
	(417, 'BALLAS', 31),
	(418, 'BALLAT', 14),
	(419, 'BALLER', 39),
	(420, 'BALLES', 45),
	(421, 'BALLET', 17),
	(422, 'BALLEZ', 26),
	(423, 'BALLON', 40),
	(424, 'BALLOT', 0),
	(425, 'BALNEO', 36),
	(426, 'BALOIS', 30),
	(427, 'BALSAS', 16),
	(428, 'BALTES', 48),
	(429, 'BALUBA', 41),
	(430, 'BALZAN', 26),
	(431, 'BAMBAS', 33),
	(432, 'BAMBIN', 23),
	(433, 'BAMBOU', 34),
	(434, 'BAMOUM', 24),
	(435, 'BAMOUN', 42),
	(436, 'BANALE', 48),
	(437, 'BANALS', 19),
	(438, 'BANANA', 42),
	(439, 'BANANE', 10),
	(440, 'BANATS', 23),
	(441, 'BANAUX', 13),
	(442, 'BANBAN', 34),
	(443, 'BANCAL', 22),
	(444, 'BANCHA', 34),
	(445, 'BANCHE', 28),
	(446, 'BANCOS', 26),
	(447, 'BANDAI', 23),
	(448, 'BANDAS', 6),
	(449, 'BANDAT', 24),
	(450, 'BANDEE', 10),
	(451, 'BANDER', 34),
	(452, 'BANDES', 40),
	(453, 'BANDEZ', 36),
	(454, 'BANDIT', 39),
	(455, 'BANDOL', 2),
	(456, 'BANIAN', 20),
	(457, 'BANJOS', 31),
	(458, 'BANLON', 20),
	(459, 'BANNES', 28),
	(460, 'BANNIE', 11),
	(461, 'BANNIR', 43),
	(462, 'BANNIS', 26),
	(463, 'BANNIT', 44),
	(464, 'BANONS', 38),
	(465, 'BANQUA', 5),
	(466, 'BANQUE', 25),
	(467, 'BANTOU', 17),
	(468, 'BANTUS', 43),
	(469, 'BANVIN', 3),
	(470, 'BANZAI', 3),
	(471, 'BAOBAB', 28),
	(472, 'BAOULE', 40),
	(473, 'BAQUAI', 45),
	(474, 'BAQUAS', 4),
	(475, 'BAQUAT', 33),
	(476, 'BAQUEE', 50),
	(477, 'BAQUER', 25),
	(478, 'BAQUES', 47),
	(479, 'BAQUET', 9),
	(480, 'BAQUEZ', 30),
	(481, 'BARAKA', 32),
	(482, 'BARAKI', 21),
	(483, 'BARBAI', 8),
	(484, 'BARBAS', 42),
	(485, 'BARBAT', 11),
	(486, 'BARBEC', 10),
	(487, 'BARBEE', 42),
	(488, 'BARBER', 0),
	(489, 'BARBES', 15),
	(490, 'BARBET', 15),
	(491, 'BARBEZ', 31),
	(492, 'BARBON', 12),
	(493, 'BARBOT', 27),
	(494, 'BARBUE', 6),
	(495, 'BARBUS', 0),
	(496, 'BARDAF', 18),
	(497, 'BARDAI', 37),
	(498, 'BARDAS', 50),
	(499, 'BARDAT', 21),
	(500, 'BARDEE', 17),
	(501, 'BARDER', 45),
	(502, 'BARDES', 32),
	(503, 'BARDEZ', 41),
	(504, 'BARDIS', 10),
	(505, 'BARDIT', 6),
	(506, 'BARDOT', 24),
	(507, 'BAREGE', 47),
	(508, 'BAREME', 29),
	(509, 'BARETA', 39),
	(510, 'BARETE', 4),
	(511, 'BARGES', 38),
	(512, 'BARILS', 50),
	(513, 'BARINE', 39),
	(514, 'BARJOS', 46),
	(515, 'BARJOT', 42),
	(516, 'BARMAN', 33),
	(517, 'BARMEN', 41),
	(518, 'BARNUM', 19),
	(519, 'BAROLO', 1),
	(520, 'BARONS', 4),
	(521, 'BAROUD', 15),
	(522, 'BAROUF', 11),
	(523, 'BARQUE', 39),
	(524, 'BARRAI', 13),
	(525, 'BARRAS', 39),
	(526, 'BARRAT', 19),
	(527, 'BARREE', 13),
	(528, 'BARREL', 8),
	(529, 'BARRER', 24),
	(530, 'BARRES', 6),
	(531, 'BARREZ', 38),
	(532, 'BARRIO', 28),
	(533, 'BARRIR', 4),
	(534, 'BARRIS', 6),
	(535, 'BARRIT', 31),
	(536, 'BARROT', 47),
	(537, 'BARSAC', 1),
	(538, 'BARULA', 47),
	(539, 'BARULE', 50),
	(540, 'BARYES', 27),
	(541, 'BARYON', 17),
	(542, 'BARYTE', 12),
	(543, 'BARYUM', 43),
	(544, 'BARZAS', 6),
	(545, 'BARZOI', 8),
	(546, 'BASAIS', 4),
	(547, 'BASAIT', 25),
	(548, 'BASALE', 19),
	(549, 'BASANA', 24),
	(550, 'BASANE', 37),
	(551, 'BASANT', 50),
	(552, 'BASAUX', 40),
	(553, 'BASEES', 49),
	(554, 'BASENT', 11),
	(555, 'BASERA', 15),
	(556, 'BASICS', 40),
	(557, 'BASIDE', 9),
	(558, 'BASIES', 47),
	(559, 'BASIEZ', 13),
	(560, 'BASINS', 16),
	(561, 'BASIRA', 26),
	(562, 'BASKET', 5),
	(563, 'BASONS', 12),
	(564, 'BASQUE', 11),
	(565, 'BASSAS', 7),
	(566, 'BASSES', 13),
	(567, 'BASSET', 42),
	(568, 'BASSIN', 3),
	(569, 'BASSON', 26),
	(570, 'BASTAI', 44),
	(571, 'BASTAS', 29),
	(572, 'BASTAT', 28),
	(573, 'BASTER', 21),
	(574, 'BASTES', 9),
	(575, 'BASTEZ', 14),
	(576, 'BASTIN', 11),
	(577, 'BASTON', 45),
	(578, 'BASTOS', 16),
	(579, 'BATAIS', 5),
	(580, 'BATAIT', 11),
	(581, 'BATANT', 16),
	(582, 'BATARD', 20),
	(583, 'BATAVE', 44),
	(584, 'BATCHS', 18),
	(585, 'BATEAU', 27),
	(586, 'BATEES', 17),
	(587, 'BATELA', 14),
	(588, 'BATELE', 28),
	(589, 'BATENT', 1),
	(590, 'BATERA', 6),
	(591, 'BATIDA', 9),
	(592, 'BATIES', 48),
	(593, 'BATIEZ', 10),
	(594, 'BATIKS', 28),
	(595, 'BATIRA', 36),
	(596, 'BATONS', 3),
	(597, 'BATTEE', 19),
	(598, 'BATTES', 18),
	(599, 'BATTEZ', 33),
	(600, 'BATTIS', 24),
	(601, 'BATTIT', 10),
	(602, 'BATTLE', 41),
	(603, 'BATTRA', 45),
	(604, 'BATTRE', 23),
	(605, 'BATTUE', 7),
	(606, 'BATTUS', 50),
	(607, 'BAUDET', 40),
	(608, 'BAUGEA', 11),
	(609, 'BAUGEE', 16),
	(610, 'BAUGER', 3),
	(611, 'BAUGES', 1),
	(612, 'BAUGEZ', 24),
	(613, 'BAUMES', 45),
	(614, 'BAVAIS', 15),
	(615, 'BAVAIT', 21),
	(616, 'BAVANT', 42),
	(617, 'BAVARD', 18),
	(618, 'BAVEES', 49),
	(619, 'BAVENT', 33),
	(620, 'BAVERA', 36),
	(621, 'BAVEUR', 21),
	(622, 'BAVEUX', 25),
	(623, 'BAVIEZ', 18),
	(624, 'BAVOIR', 50),
	(625, 'BAVONS', 2),
	(626, 'BAVURE', 2),
	(627, 'BAXTER', 37),
	(628, 'BAYAIS', 9),
	(629, 'BAYAIT', 50),
	(630, 'BAYANT', 4),
	(631, 'BAYENT', 44),
	(632, 'BAYERA', 1),
	(633, 'BAYIEZ', 3),
	(634, 'BAYLES', 8),
	(635, 'BAYONS', 10),
	(636, 'BAYOUD', 5),
	(637, 'BAYOUS', 8),
	(638, 'BAYRAM', 2),
	(639, 'BAZARI', 8),
	(640, 'BAZARS', 17),
	(641, 'BAZINS', 35),
	(642, 'BAZOUS', 50),
	(643, 'BEAGLE', 33),
	(644, 'BEAMER', 28),
	(645, 'BEAMES', 42),
	(646, 'BEANCE', 28),
	(647, 'BEANTE', 44),
	(648, 'BEANTS', 38),
	(649, 'BEASSE', 21),
	(650, 'BEATES', 17),
	(651, 'BEAUFS', 29),
	(652, 'BEAUJO', 19),
	(653, 'BEAUNE', 32),
	(654, 'BEAUTE', 21),
	(655, 'BEBETE', 45),
	(656, 'BEBITE', 14),
	(657, 'BEBOPS', 4),
	(658, 'BECANE', 46),
	(659, 'BECARD', 45),
	(660, 'BECFIN', 46),
	(661, 'BECHAI', 13),
	(662, 'BECHAS', 19),
	(663, 'BECHAT', 19),
	(664, 'BECHEE', 48),
	(665, 'BECHER', 37),
	(666, 'BECHES', 20),
	(667, 'BECHEZ', 50),
	(668, 'BECOTA', 25),
	(669, 'BECOTE', 44),
	(670, 'BECOTS', 21),
	(671, 'BECQUA', 32),
	(672, 'BECQUE', 33),
	(673, 'BECTAI', 9),
	(674, 'BECTAS', 19),
	(675, 'BECTAT', 2),
	(676, 'BECTEE', 23),
	(677, 'BECTER', 34),
	(678, 'BECTES', 4),
	(679, 'BECTEZ', 3),
	(680, 'BECUNE', 11),
	(681, 'BEDANE', 1),
	(682, 'BEDEAU', 14),
	(683, 'BEDONS', 4),
	(684, 'BEERAI', 11),
	(685, 'BEERAS', 45),
	(686, 'BEEREZ', 50),
	(687, 'BEGAIE', 38),
	(688, 'BEGARD', 49),
	(689, 'BEGAYA', 19),
	(690, 'BEGAYE', 18),
	(691, 'BEGUES', 1),
	(692, 'BEGUIN', 43),
	(693, 'BEGUMS', 1),
	(694, 'BEHAIE', 41),
	(695, 'BEHAIS', 5),
	(696, 'BEIGES', 29),
	(697, 'BEIGNE', 39),
	(698, 'BEIONS', 23),
	(699, 'BEIRAM', 50),
	(700, 'BEKEES', 3),
	(701, 'BELAIS', 25),
	(702, 'BELAIT', 15),
	(703, 'BELANT', 22),
	(704, 'BELEES', 14),
	(705, 'BELENT', 2),
	(706, 'BELERA', 47),
	(707, 'BELGAS', 1),
	(708, 'BELGES', 22),
	(709, 'BELIER', 0),
	(710, 'BELIEZ', 19),
	(711, 'BELINO', 47),
	(712, 'BELLES', 16),
	(713, 'BELLOT', 48),
	(714, 'BELONS', 11),
	(715, 'BELOTE', 38),
	(716, 'BELUGA', 29),
	(717, 'BEMBAS', 9),
	(718, 'BEMOLS', 12),
	(719, 'BENARD', 50),
	(720, 'BENDIR', 7),
	(721, 'BENEFS', 48),
	(722, 'BENETS', 40),
	(723, 'BENIES', 1),
	(724, 'BENINS', 6),
	(725, 'BENIRA', 22),
	(726, 'BENITE', 46),
	(727, 'BENITS', 48),
	(728, 'BENJIS', 14),
	(729, 'BENNAI', 19),
	(730, 'BENNAS', 17),
	(731, 'BENNAT', 35),
	(732, 'BENNEE', 12),
	(733, 'BENNER', 42),
	(734, 'BENNES', 45),
	(735, 'BENNEZ', 39),
	(736, 'BENOIT', 25),
	(737, 'BENTOS', 0),
	(738, 'BENZOL', 32),
	(739, 'BEQUEE', 23),
	(740, 'BEQUET', 44),
	(741, 'BERCAI', 38),
	(742, 'BERCAS', 37),
	(743, 'BERCAT', 8),
	(744, 'BERCEE', 24),
	(745, 'BERCER', 26),
	(746, 'BERCES', 24),
	(747, 'BERCEZ', 48),
	(748, 'BERDIN', 26),
	(749, 'BERETS', 24),
	(750, 'BERGER', 27),
	(751, 'BERGES', 7),
	(752, 'BERLUE', 34),
	(753, 'BERMES', 36),
	(754, 'BERNAI', 17),
	(755, 'BERNAS', 29),
	(756, 'BERNAT', 45),
	(757, 'BERNEE', 43),
	(758, 'BERNER', 0),
	(759, 'BERNES', 4),
	(760, 'BERNEZ', 33),
	(761, 'BEROTS', 11),
	(762, 'BERTHE', 1),
	(763, 'BERYLS', 5),
	(764, 'BESACE', 21),
	(765, 'BESANT', 44),
	(766, 'BESETS', 21),
	(767, 'BESOIN', 40),
	(768, 'BESSIF', 15),
	(769, 'BESSON', 1),
	(770, 'BETAIL', 0),
	(771, 'BETEES', 37),
	(772, 'BETELS', 21),
	(773, 'BETIES', 41),
	(774, 'BETISA', 25),
	(775, 'BETISE', 6),
	(776, 'BETONS', 26),
	(777, 'BETTES', 12),
	(778, 'BETYLE', 36),
	(779, 'BEUGLA', 2),
	(780, 'BEUGLE', 22),
	(781, 'BEUGNA', 4),
	(782, 'BEUGNE', 12),
	(783, 'BEURES', 6),
	(784, 'BEURRA', 17),
	(785, 'BEURRE', 45),
	(786, 'BEUSES', 39),
	(787, 'BEVUES', 23),
	(788, 'BHAKTI', 8),
	(789, 'BIAISA', 7),
	(790, 'BIAISE', 8),
	(791, 'BIAUDE', 30),
	(792, 'BIAXES', 46),
	(793, 'BIBACE', 29),
	(794, 'BIBINE', 30),
	(795, 'BIBION', 35),
	(796, 'BIBITE', 46),
	(797, 'BIBLES', 47),
	(798, 'BIBLIO', 19),
	(799, 'BIBLIS', 3),
	(800, 'BICEPS', 6),
	(801, 'BICHAI', 12),
	(802, 'BICHAS', 26),
	(803, 'BICHAT', 28),
	(804, 'BICHER', 22),
	(805, 'BICHES', 44),
	(806, 'BICHEZ', 38),
	(807, 'BICHOF', 2),
	(808, 'BICHON', 25),
	(809, 'BICLOU', 27),
	(810, 'BICOLS', 41),
	(811, 'BICOTS', 5),
	(812, 'BIDENS', 35),
	(813, 'BIDENT', 19),
	(814, 'BIDETS', 34),
	(815, 'BIDONS', 2),
	(816, 'BIDOUS', 12),
	(817, 'BIDULE', 28),
	(818, 'BIELLE', 22),
	(819, 'BIERES', 42),
	(820, 'BIEVRE', 41),
	(821, 'BIFACE', 6),
	(822, 'BIFFAI', 20),
	(823, 'BIFFAS', 10),
	(824, 'BIFFAT', 28),
	(825, 'BIFFEE', 36),
	(826, 'BIFFER', 34),
	(827, 'BIFFES', 26),
	(828, 'BIFFEZ', 18),
	(829, 'BIFFIN', 45),
	(830, 'BIFIDE', 7),
	(831, 'BIFTON', 7),
	(832, 'BIGAME', 42),
	(833, 'BIGLAI', 4),
	(834, 'BIGLAS', 16),
	(835, 'BIGLAT', 48),
	(836, 'BIGLEE', 32),
	(837, 'BIGLER', 28),
	(838, 'BIGLES', 6),
	(839, 'BIGLEZ', 20),
	(840, 'BIGORS', 8),
	(841, 'BIGOTE', 35),
	(842, 'BIGOTS', 37),
	(843, 'BIGRES', 30),
	(844, 'BIGUES', 31),
	(845, 'BIHARI', 33),
	(846, 'BIJOUX', 11),
	(847, 'BIKERS', 30),
	(848, 'BIKEUR', 19),
	(849, 'BIKINI', 22),
	(850, 'BILAIS', 38),
	(851, 'BILAIT', 46),
	(852, 'BILAME', 43),
	(853, 'BILANS', 15),
	(854, 'BILANT', 12),
	(855, 'BILEES', 18),
	(856, 'BILENT', 22),
	(857, 'BILERA', 27),
	(858, 'BILEUX', 49),
	(859, 'BILIEE', 38),
	(860, 'BILIES', 15),
	(861, 'BILIEZ', 38),
	(862, 'BILLAI', 38),
	(863, 'BILLAS', 23),
	(864, 'BILLAT', 1),
	(865, 'BILLEE', 42),
	(866, 'BILLER', 8),
	(867, 'BILLES', 28),
	(868, 'BILLET', 47),
	(869, 'BILLEZ', 38),
	(870, 'BILLIG', 45),
	(871, 'BILLON', 33),
	(872, 'BILLOT', 22),
	(873, 'BILOBE', 8),
	(874, 'BILONS', 47),
	(875, 'BIMANE', 31),
	(876, 'BIMBOS', 33),
	(877, 'BIMODE', 15),
	(878, 'BINAGE', 39),
	(879, 'BINAIS', 24),
	(880, 'BINAIT', 25),
	(881, 'BINANT', 48),
	(882, 'BINARD', 33),
	(883, 'BINART', 44),
	(884, 'BINDIS', 48),
	(885, 'BINEES', 41),
	(886, 'BINENT', 17),
	(887, 'BINERA', 26),
	(888, 'BINEUR', 41),
	(889, 'BINGOS', 22),
	(890, 'BINIEZ', 12),
	(891, 'BINIOU', 22),
	(892, 'BINOME', 2),
	(893, 'BINONS', 21),
	(894, 'BINTJE', 45),
	(895, 'BIOGAZ', 18),
	(896, 'BIOLLE', 22),
	(897, 'BIOMES', 9),
	(898, 'BIOPIC', 32),
	(899, 'BIOTES', 7),
	(900, 'BIPAIS', 36),
	(901, 'BIPAIT', 7),
	(902, 'BIPALE', 20),
	(903, 'BIPANT', 8),
	(904, 'BIPARE', 13),
	(905, 'BIPBIP', 3),
	(906, 'BIPEDE', 39),
	(907, 'BIPEES', 2),
	(908, 'BIPENT', 49),
	(909, 'BIPERA', 12),
	(910, 'BIPERS', 21),
	(911, 'BIPEUR', 4),
	(912, 'BIPIED', 16),
	(913, 'BIPIEZ', 30),
	(914, 'BIPLAN', 22),
	(915, 'BIPOLE', 0),
	(916, 'BIPONS', 11),
	(917, 'BIQUAI', 35),
	(918, 'BIQUAS', 29),
	(919, 'BIQUAT', 34),
	(920, 'BIQUER', 41),
	(921, 'BIQUES', 21),
	(922, 'BIQUET', 19),
	(923, 'BIQUEZ', 17),
	(924, 'BIRBES', 36),
	(925, 'BIRDIE', 38),
	(926, 'BIREME', 14),
	(927, 'BIRIBI', 31),
	(928, 'BIRMAN', 40),
	(929, 'BISAIS', 15),
	(930, 'BISAIT', 28),
	(931, 'BISANT', 18),
	(932, 'BISEAU', 5),
	(933, 'BISEES', 11),
	(934, 'BISENT', 28),
	(935, 'BISERA', 16),
	(936, 'BISETS', 33),
	(937, 'BISHOP', 47),
	(938, 'BISIEZ', 15),
	(939, 'BISOCS', 18),
	(940, 'BISONS', 0),
	(941, 'BISOUS', 30),
	(942, 'BISQUA', 19),
	(943, 'BISQUE', 32),
	(944, 'BISSAB', 39),
	(945, 'BISSAC', 25),
	(946, 'BISSAI', 46),
	(947, 'BISSAP', 4),
	(948, 'BISSAS', 14),
	(949, 'BISSAT', 15),
	(950, 'BISSEE', 10),
	(951, 'BISSEL', 13),
	(952, 'BISSER', 6),
	(953, 'BISSES', 28),
	(954, 'BISSEZ', 45),
	(955, 'BISTRA', 9),
	(956, 'BISTRE', 30),
	(957, 'BISTRO', 40),
	(958, 'BITAIS', 5),
	(959, 'BITAIT', 44),
	(960, 'BITANT', 36),
	(961, 'BITEES', 47),
	(962, 'BITENT', 38),
	(963, 'BITERA', 39),
	(964, 'BITIEZ', 37),
	(965, 'BITMAP', 9),
	(966, 'BITONS', 42),
	(967, 'BITORD', 1),
	(968, 'BITTAI', 0),
	(969, 'BITTAS', 36),
	(970, 'BITTAT', 15),
	(971, 'BITTEE', 11),
	(972, 'BITTER', 29),
	(973, 'BITTES', 25),
	(974, 'BITTEZ', 4),
	(975, 'BITTUE', 13),
	(976, 'BITTUS', 37),
	(977, 'BITUBE', 7),
	(978, 'BITUES', 32),
	(979, 'BITUMA', 2),
	(980, 'BITUME', 24),
	(981, 'BITURA', 4),
	(982, 'BITURE', 16),
	(983, 'BIVEAU', 4),
	(984, 'BIZETS', 50),
	(985, 'BIZOUS', 24),
	(986, 'BIZUTA', 20),
	(987, 'BIZUTE', 10),
	(988, 'BIZUTH', 39),
	(989, 'BIZUTS', 20),
	(990, 'BLABLA', 48),
	(991, 'BLACKS', 33),
	(992, 'BLAFFS', 0),
	(993, 'BLAGUA', 47),
	(994, 'BLAGUE', 48),
	(995, 'BLAIRA', 6),
	(996, 'BLAIRE', 29),
	(997, 'BLAIRS', 21),
	(998, 'BLAMAI', 12),
	(999, 'BLAMAS', 17),
	(1000, 'BLAMAT', 31),
	(1001, 'BLAMEE', 2),
	(1002, 'BLAMER', 26),
	(1003, 'BLAMES', 38),
	(1004, 'BLAMEZ', 49),
	(1005, 'BLANCS', 20),
	(1006, 'BLASAI', 35),
	(1007, 'BLASAS', 29),
	(1008, 'BLASAT', 43);

CREATE TABLE IF NOT EXISTS `mot_cache` (
  `id` int(10) unsigned NOT NULL AUTO_INCREMENT,
  `mot` varchar(50) NOT NULL,
  PRIMARY KEY (`id`)
) ENGINE=InnoDB AUTO_INCREMENT=1051 DEFAULT CHARSET=utf8;

INSERT INTO `mot_cache` (`id`, `mot`) VALUES
	(1, 'JABIRU'),
	(2, 'JABLAI'),
	(3, 'JABLAS'),
	(4, 'JABLAT'),
	(5, 'JABLEE'),
	(6, 'JABLER'),
	(7, 'JABLES'),
	(8, 'JABLEZ'),
	(9, 'JABOTA'),
	(10, 'JABOTE'),
	(11, 'JABOTS'),
	(12, 'JACANA'),
	(13, 'JACEES'),
	(14, 'JACENT'),
	(15, 'JACKET'),
	(16, 'JACOTS'),
	(17, 'JACQUE'),
	(18, 'JACTAI'),
	(19, 'JACTAS'),
	(20, 'JACTAT'),
	(21, 'JACTEE'),
	(22, 'JACTER'),
	(23, 'JACTES'),
	(24, 'JACTEZ'),
	(25, 'JAGUAR'),
	(26, 'JAILLI'),
	(27, 'JAINAS'),
	(28, 'JAINES'),
	(29, 'JALAPS'),
	(30, 'JALONS'),
	(31, 'JALOUX'),
	(32, 'JAMAIS'),
	(33, 'JAMBEE'),
	(34, 'JAMBES'),
	(35, 'JAMBON'),
	(36, 'JANTES'),
	(37, 'JAPONS'),
	(38, 'JAPPAI'),
	(39, 'JATTES'),
	(40, 'JAPPAT'),
	(41, 'JAPPER'),
	(42, 'JAPPES'),
	(43, 'JAPPEZ'),
	(44, 'JAQUES'),
	(45, 'JAQUET'),
	(46, 'JARDES'),
	(47, 'JARDIN'),
	(48, 'JARDON'),
	(49, 'JARGON'),
	(50, 'JARRES'),
	(51, 'JARRET'),
	(52, 'JARTAI'),
	(53, 'JARTAS'),
	(54, 'JARTAT'),
	(55, 'JARTEE'),
	(56, 'JARTER'),
	(57, 'JARTES'),
	(58, 'JARTEZ'),
	(59, 'JASAIS'),
	(60, 'JASAIT'),
	(61, 'JASANT'),
	(62, 'JASEES'),
	(63, 'JASENT'),
	(64, 'JASERA'),
	(65, 'JASEUR'),
	(66, 'JASIEZ'),
	(67, 'JASMIN'),
	(68, 'JASONS'),
	(69, 'JASPAI'),
	(70, 'JASPAS'),
	(71, 'JASPAT'),
	(72, 'JASPEE'),
	(73, 'JASPER'),
	(74, 'JASPES'),
	(75, 'JASPEZ'),
	(76, 'JASSAI'),
	(77, 'JASSAS'),
	(78, 'JASSAT'),
	(79, 'JASSER'),
	(80, 'JASSES'),
	(81, 'JASSEZ'),
	(82, 'JATAKA'),
	(83, 'JATTEE'),
	(84, 'JAPPAS'),
	(85, 'JAUGEA'),
	(86, 'JAUGEE'),
	(87, 'JAUGER'),
	(88, 'JAUGES'),
	(89, 'JAUGEZ'),
	(90, 'JAUNES'),
	(91, 'JAUNET'),
	(92, 'JAUNIE'),
	(93, 'JAUNIR'),
	(94, 'JAUNIS'),
	(95, 'JAUNIT'),
	(96, 'JAVART'),
	(97, 'JAVEAU'),
	(98, 'JAVELA'),
	(99, 'JAVELE'),
	(100, 'JAVELS'),
	(101, 'JAYETS'),
	(102, 'JAZZAI'),
	(103, 'JAZZAS'),
	(104, 'JAZZAT'),
	(105, 'JAZZEE'),
	(106, 'JAZZER'),
	(107, 'JAZZES'),
	(108, 'JAZZEZ'),
	(109, 'JAZZYS'),
	(110, 'JELLOS'),
	(111, 'JENNYS'),
	(112, 'JERKAI'),
	(113, 'JERKAS'),
	(114, 'JERKAT'),
	(115, 'JERKER'),
	(116, 'JERKES'),
	(117, 'JERKEZ'),
	(118, 'JERSEY'),
	(119, 'JETAGE'),
	(120, 'JETAIS'),
	(121, 'JETAIT'),
	(122, 'JETANT'),
	(123, 'JETEES'),
	(124, 'JETEUR'),
	(125, 'JETIEZ'),
	(126, 'JETLAG'),
	(127, 'JETONS'),
	(128, 'JETSET'),
	(129, 'JETTES'),
	(130, 'JEUDIS'),
	(131, 'JEUNAI'),
	(132, 'JEUNAS'),
	(133, 'JEUNAT'),
	(134, 'JEUNEE'),
	(135, 'JEUNER'),
	(136, 'JEUNES'),
	(137, 'JEUNET'),
	(138, 'JEUNEZ'),
	(139, 'JEUNOT'),
	(140, 'JIGGER'),
	(141, 'JIHADS'),
	(142, 'JINGLE'),
	(143, 'JINGXI'),
	(144, 'JIVARO'),
	(145, 'JOBARD'),
	(146, 'JOCKEY'),
	(147, 'JOCKOS'),
	(148, 'JODELS'),
	(149, 'JODLAI'),
	(150, 'JODLAS'),
	(151, 'JODLAT'),
	(152, 'JODLER'),
	(153, 'JODLES'),
	(154, 'JODLEZ'),
	(155, 'JOGGAI'),
	(156, 'JOGGAS'),
	(157, 'JOGGAT'),
	(158, 'JOGGER'),
	(159, 'JOGGES'),
	(160, 'JOGGEZ'),
	(161, 'JOICES'),
	(162, 'JOIGNE'),
	(163, 'JOINTA'),
	(164, 'JOINTE'),
	(165, 'JOINTS'),
	(166, 'JOJOBA'),
	(167, 'JOKARI'),
	(168, 'JOKERS'),
	(169, 'JOLIES'),
	(170, 'JOLIET'),
	(171, 'JOMONS'),
	(172, 'JONCAI'),
	(173, 'JONCAS'),
	(174, 'JONCAT'),
	(175, 'JONCEE'),
	(176, 'JONCER'),
	(177, 'JONCES'),
	(178, 'JONCEZ'),
	(179, 'JONCHA'),
	(180, 'JONCHE'),
	(181, 'JONGLA'),
	(182, 'JONGLE'),
	(183, 'JONQUE'),
	(184, 'JORANS'),
	(185, 'JORURI'),
	(186, 'JOSEPH'),
	(187, 'JOUAIS'),
	(188, 'JOUAIT'),
	(189, 'JOUALE'),
	(190, 'JOUALS'),
	(191, 'JOUANT'),
	(192, 'JOUAUX'),
	(193, 'JOUEES'),
	(194, 'JOUENT'),
	(195, 'JOUERA'),
	(196, 'JOUETS'),
	(197, 'JOUEUR'),
	(198, 'JOUIEZ'),
	(199, 'JOUIRA'),
	(200, 'JOUJOU'),
	(201, 'JOULES'),
	(202, 'JOUONS'),
	(203, 'JOUTAI'),
	(204, 'JOUTAS'),
	(205, 'JOUTAT'),
	(206, 'JOUTER'),
	(207, 'JOUTES'),
	(208, 'JOUTEZ'),
	(209, 'JOUXTA'),
	(210, 'JOUXTE'),
	(211, 'JOVIAL'),
	(212, 'JOVIEN'),
	(213, 'JOYAUX'),
	(214, 'JOYEUX'),
	(215, 'JUBILA'),
	(216, 'JUBILE'),
	(217, 'JUCHAI'),
	(218, 'JUCHAS'),
	(219, 'JUCHAT'),
	(220, 'JUCHEE'),
	(221, 'JUCHER'),
	(222, 'JUCHES'),
	(223, 'JUCHEZ'),
	(224, 'JUDEEN'),
	(225, 'JUDOGI'),
	(226, 'JUDOKA'),
	(227, 'JUDRUS'),
	(228, 'JUGALE'),
	(229, 'JUGAUX'),
	(230, 'JUGEAI'),
	(231, 'JUGEAS'),
	(232, 'JUGEAT'),
	(233, 'JUGEES'),
	(234, 'JUGENT'),
	(235, 'JUGERA'),
	(236, 'JUGEUR'),
	(237, 'JUGIEZ'),
	(238, 'JUGULA'),
	(239, 'JUGULE'),
	(240, 'JUIVES'),
	(241, 'JUJUBE'),
	(242, 'JULEPS'),
	(243, 'JULIEN'),
	(244, 'JULIES'),
	(245, 'JULOTS'),
	(246, 'JUMARS'),
	(247, 'JUMBOS'),
	(248, 'JUMEAU'),
	(249, 'JUMELA'),
	(250, 'JUMELE'),
	(251, 'JUMELS'),
	(252, 'JUMENT'),
	(253, 'JUMPAI'),
	(254, 'JUMPAS'),
	(255, 'JUMPAT'),
	(256, 'JUMPER'),
	(257, 'JUMPES'),
	(258, 'JUMPEZ'),
	(259, 'JUNCOS'),
	(260, 'JUNGLE'),
	(261, 'JUNIOR'),
	(262, 'JUNKER'),
	(263, 'JUNKIE'),
	(264, 'JUNKYS'),
	(265, 'JUNTES'),
	(266, 'JUPIER'),
	(267, 'JUPONS'),
	(268, 'JURADE'),
	(269, 'JURAIS'),
	(270, 'JURAIT'),
	(271, 'JURANT'),
	(272, 'JURATS'),
	(273, 'JUREES'),
	(274, 'JURENT'),
	(275, 'JURERA'),
	(276, 'JUREUR'),
	(277, 'JURIEZ'),
	(278, 'JURONS'),
	(279, 'JUSANT'),
	(280, 'JUSEES'),
	(281, 'JUSQUE'),
	(282, 'JUSSIE'),
	(283, 'JUSSIF'),
	(284, 'JUSTES'),
	(285, 'JUSTIF'),
	(286, 'JUTAIS'),
	(287, 'JUTAIT'),
	(288, 'JUTANT'),
	(289, 'JUTENT'),
	(290, 'JUTERA'),
	(291, 'JUTEUX'),
	(292, 'JUTIEZ'),
	(293, 'JUTONS'),
	(294, 'BABELS'),
	(295, 'BABIES'),
	(296, 'BABILS'),
	(297, 'BABINE'),
	(298, 'BABOLA'),
	(299, 'BABOLE'),
	(300, 'BABORD'),
	(301, 'BABOUK'),
	(302, 'BACHAI'),
	(303, 'BACHAS'),
	(304, 'BACHAT'),
	(305, 'BACHEE'),
	(306, 'BACHER'),
	(307, 'BACHES'),
	(308, 'BACHEZ'),
	(309, 'BACHIS'),
	(310, 'BACHOT'),
	(311, 'BACLAI'),
	(312, 'BACLAS'),
	(313, 'BACLAT'),
	(314, 'BACLEE'),
	(315, 'BACLER'),
	(316, 'BACLES'),
	(317, 'BACLEZ'),
	(318, 'BACONS'),
	(319, 'BACULA'),
	(320, 'BACULS'),
	(321, 'BADAIS'),
	(322, 'BADAIT'),
	(323, 'BADAME'),
	(324, 'BADANT'),
	(325, 'BADAUD'),
	(326, 'BADEES'),
	(327, 'BADENT'),
	(328, 'BADERA'),
	(329, 'BADGEA'),
	(330, 'BADGEE'),
	(331, 'BADGER'),
	(332, 'BADGES'),
	(333, 'BADGEZ'),
	(334, 'BADIEZ'),
	(335, 'BADINA'),
	(336, 'BADINE'),
	(337, 'BADINS'),
	(338, 'BADOIS'),
	(339, 'BADONS'),
	(340, 'BAFFAI'),
	(341, 'BAFFAS'),
	(342, 'BAFFAT'),
	(343, 'BAFFEE'),
	(344, 'BAFFER'),
	(345, 'BAFFES'),
	(346, 'BAFFEZ'),
	(347, 'BAFFLE'),
	(348, 'BAFOUA'),
	(349, 'BAFOUE'),
	(350, 'BAFRAI'),
	(351, 'BAFRAS'),
	(352, 'BAFRAT'),
	(353, 'BAFREE'),
	(354, 'BAFRER'),
	(355, 'BAFRES'),
	(356, 'BAFREZ'),
	(357, 'BAGADS'),
	(358, 'BAGAGE'),
	(359, 'BAGELS'),
	(360, 'BAGGYS'),
	(361, 'BAGNES'),
	(362, 'BAGOUS'),
	(363, 'BAGOUT'),
	(364, 'BAGUAI'),
	(365, 'BAGUAS'),
	(366, 'BAGUAT'),
	(367, 'BAGUEE'),
	(368, 'BAGUEL'),
	(369, 'BAGUER'),
	(370, 'BAGUES'),
	(371, 'BAGUEZ'),
	(372, 'BAGUIO'),
	(373, 'BAHAIE'),
	(374, 'BAHAIS'),
	(375, 'BAHUTS'),
	(376, 'BAIENT'),
	(377, 'BAIERA'),
	(378, 'BAIGNA'),
	(379, 'BAIGNE'),
	(380, 'BAILES'),
	(381, 'BAILLA'),
	(382, 'BAILLE'),
	(383, 'BAILLI'),
	(384, 'BAINES'),
	(385, 'BAIRAM'),
	(386, 'BAISAI'),
	(387, 'BAISAS'),
	(388, 'BAISAT'),
	(389, 'BAISEE'),
	(390, 'BAISER'),
	(391, 'BAISES'),
	(392, 'BAISEZ'),
	(393, 'BAISSA'),
	(394, 'BAISSE'),
	(395, 'BAJOUE'),
	(396, 'BAKUFU'),
	(397, 'BALADA'),
	(398, 'BALADE'),
	(399, 'BALADO'),
	(400, 'BALAIE'),
	(401, 'BALAIS'),
	(402, 'BALANE'),
	(403, 'BALANT'),
	(404, 'BALAOU'),
	(405, 'BALATA'),
	(406, 'BALAYA'),
	(407, 'BALAYE'),
	(408, 'BALBOA'),
	(409, 'BALCON'),
	(410, 'BALESE'),
	(411, 'BALEZE'),
	(412, 'BALISA'),
	(413, 'BALISE'),
	(414, 'BALIVA'),
	(415, 'BALIVE'),
	(416, 'BALLAI'),
	(417, 'BALLAS'),
	(418, 'BALLAT'),
	(419, 'BALLER'),
	(420, 'BALLES'),
	(421, 'BALLET'),
	(422, 'BALLEZ'),
	(423, 'BALLON'),
	(424, 'BALLOT'),
	(425, 'BALNEO'),
	(426, 'BALOIS'),
	(427, 'BALSAS'),
	(428, 'BALTES'),
	(429, 'BALUBA'),
	(430, 'BALZAN'),
	(431, 'BAMBAS'),
	(432, 'BAMBIN'),
	(433, 'BAMBOU'),
	(434, 'BAMOUM'),
	(435, 'BAMOUN'),
	(436, 'BANALE'),
	(437, 'BANALS'),
	(438, 'BANANA'),
	(439, 'BANANE'),
	(440, 'BANATS'),
	(441, 'BANAUX'),
	(442, 'BANBAN'),
	(443, 'BANCAL'),
	(444, 'BANCHA'),
	(445, 'BANCHE'),
	(446, 'BANCOS'),
	(447, 'BANDAI'),
	(448, 'BANDAS'),
	(449, 'BANDAT'),
	(450, 'BANDEE'),
	(451, 'BANDER'),
	(452, 'BANDES'),
	(453, 'BANDEZ'),
	(454, 'BANDIT'),
	(455, 'BANDOL'),
	(456, 'BANIAN'),
	(457, 'BANJOS'),
	(458, 'BANLON'),
	(459, 'BANNES'),
	(460, 'BANNIE'),
	(461, 'BANNIR'),
	(462, 'BANNIS'),
	(463, 'BANNIT'),
	(464, 'BANONS'),
	(465, 'BANQUA'),
	(466, 'BANQUE'),
	(467, 'BANTOU'),
	(468, 'BANTUS'),
	(469, 'BANVIN'),
	(470, 'BANZAI'),
	(471, 'BAOBAB'),
	(472, 'BAOULE'),
	(473, 'BAQUAI'),
	(474, 'BAQUAS'),
	(475, 'BAQUAT'),
	(476, 'BAQUEE'),
	(477, 'BAQUER'),
	(478, 'BAQUES'),
	(479, 'BAQUET'),
	(480, 'BAQUEZ'),
	(481, 'BARAKA'),
	(482, 'BARAKI'),
	(483, 'BARBAI'),
	(484, 'BARBAS'),
	(485, 'BARBAT'),
	(486, 'BARBEC'),
	(487, 'BARBEE'),
	(488, 'BARBER'),
	(489, 'BARBES'),
	(490, 'BARBET'),
	(491, 'BARBEZ'),
	(492, 'BARBON'),
	(493, 'BARBOT'),
	(494, 'BARBUE'),
	(495, 'BARBUS'),
	(496, 'BARDAF'),
	(497, 'BARDAI'),
	(498, 'BARDAS'),
	(499, 'BARDAT'),
	(500, 'BARDEE'),
	(501, 'BARDER'),
	(502, 'BARDES'),
	(503, 'BARDEZ'),
	(504, 'BARDIS'),
	(505, 'BARDIT'),
	(506, 'BARDOT'),
	(507, 'BAREGE'),
	(508, 'BAREME'),
	(509, 'BARETA'),
	(510, 'BARETE'),
	(511, 'BARGES'),
	(512, 'BARILS'),
	(513, 'BARINE'),
	(514, 'BARJOS'),
	(515, 'BARJOT'),
	(516, 'BARMAN'),
	(517, 'BARMEN'),
	(518, 'BARNUM'),
	(519, 'BAROLO'),
	(520, 'BARONS'),
	(521, 'BAROUD'),
	(522, 'BAROUF'),
	(523, 'BARQUE'),
	(524, 'BARRAI'),
	(525, 'BARRAS'),
	(526, 'BARRAT'),
	(527, 'BARREE'),
	(528, 'BARREL'),
	(529, 'BARRER'),
	(530, 'BARRES'),
	(531, 'BARREZ'),
	(532, 'BARRIO'),
	(533, 'BARRIR'),
	(534, 'BARRIS'),
	(535, 'BARRIT'),
	(536, 'BARROT'),
	(537, 'BARSAC'),
	(538, 'BARULA'),
	(539, 'BARULE'),
	(540, 'BARYES'),
	(541, 'BARYON'),
	(542, 'BARYTE'),
	(543, 'BARYUM'),
	(544, 'BARZAS'),
	(545, 'BARZOI'),
	(546, 'BASAIS'),
	(547, 'BASAIT'),
	(548, 'BASALE'),
	(549, 'BASANA'),
	(550, 'BASANE'),
	(551, 'BASANT'),
	(552, 'BASAUX'),
	(553, 'BASEES'),
	(554, 'BASENT'),
	(555, 'BASERA'),
	(556, 'BASICS'),
	(557, 'BASIDE'),
	(558, 'BASIES'),
	(559, 'BASIEZ'),
	(560, 'BASINS'),
	(561, 'BASIRA'),
	(562, 'BASKET'),
	(563, 'BASONS'),
	(564, 'BASQUE'),
	(565, 'BASSAS'),
	(566, 'BASSES'),
	(567, 'BASSET'),
	(568, 'BASSIN'),
	(569, 'BASSON'),
	(570, 'BASTAI'),
	(571, 'BASTAS'),
	(572, 'BASTAT'),
	(573, 'BASTER'),
	(574, 'BASTES'),
	(575, 'BASTEZ'),
	(576, 'BASTIN'),
	(577, 'BASTON'),
	(578, 'BASTOS'),
	(579, 'BATAIS'),
	(580, 'BATAIT'),
	(581, 'BATANT'),
	(582, 'BATARD'),
	(583, 'BATAVE'),
	(584, 'BATCHS'),
	(585, 'BATEAU'),
	(586, 'BATEES'),
	(587, 'BATELA'),
	(588, 'BATELE'),
	(589, 'BATENT'),
	(590, 'BATERA'),
	(591, 'BATIDA'),
	(592, 'BATIES'),
	(593, 'BATIEZ'),
	(594, 'BATIKS'),
	(595, 'BATIRA'),
	(596, 'BATONS'),
	(597, 'BATTEE'),
	(598, 'BATTES'),
	(599, 'BATTEZ'),
	(600, 'BATTIS'),
	(601, 'BATTIT'),
	(602, 'BATTLE'),
	(603, 'BATTRA'),
	(604, 'BATTRE'),
	(605, 'BATTUE'),
	(606, 'BATTUS'),
	(607, 'BAUDET'),
	(608, 'BAUGEA'),
	(609, 'BAUGEE'),
	(610, 'BAUGER'),
	(611, 'BAUGES'),
	(612, 'BAUGEZ'),
	(613, 'BAUMES'),
	(614, 'BAVAIS'),
	(615, 'BAVAIT'),
	(616, 'BAVANT'),
	(617, 'BAVARD'),
	(618, 'BAVEES'),
	(619, 'BAVENT'),
	(620, 'BAVERA'),
	(621, 'BAVEUR'),
	(622, 'BAVEUX'),
	(623, 'BAVIEZ'),
	(624, 'BAVOIR'),
	(625, 'BAVONS'),
	(626, 'BAVURE'),
	(627, 'BAXTER'),
	(628, 'BAYAIS'),
	(629, 'BAYAIT'),
	(630, 'BAYANT'),
	(631, 'BAYENT'),
	(632, 'BAYERA'),
	(633, 'BAYIEZ'),
	(634, 'BAYLES'),
	(635, 'BAYONS'),
	(636, 'BAYOUD'),
	(637, 'BAYOUS'),
	(638, 'BAYRAM'),
	(639, 'BAZARI'),
	(640, 'BAZARS'),
	(641, 'BAZINS'),
	(642, 'BAZOUS'),
	(643, 'BEAGLE'),
	(644, 'BEAMER'),
	(645, 'BEAMES'),
	(646, 'BEANCE'),
	(647, 'BEANTE'),
	(648, 'BEANTS'),
	(649, 'BEASSE'),
	(650, 'BEATES'),
	(651, 'BEAUFS'),
	(652, 'BEAUJO'),
	(653, 'BEAUNE'),
	(654, 'BEAUTE'),
	(655, 'BEBETE'),
	(656, 'BEBITE'),
	(657, 'BEBOPS'),
	(658, 'BECANE'),
	(659, 'BECARD'),
	(660, 'BECFIN'),
	(661, 'BECHAI'),
	(662, 'BECHAS'),
	(663, 'BECHAT'),
	(664, 'BECHEE'),
	(665, 'BECHER'),
	(666, 'BECHES'),
	(667, 'BECHEZ'),
	(668, 'BECOTA'),
	(669, 'BECOTE'),
	(670, 'BECOTS'),
	(671, 'BECQUA'),
	(672, 'BECQUE'),
	(673, 'BECTAI'),
	(674, 'BECTAS'),
	(675, 'BECTAT'),
	(676, 'BECTEE'),
	(677, 'BECTER'),
	(678, 'BECTES'),
	(679, 'BECTEZ'),
	(680, 'BECUNE'),
	(681, 'BEDANE'),
	(682, 'BEDEAU'),
	(683, 'BEDONS'),
	(684, 'BEERAI'),
	(685, 'BEERAS'),
	(686, 'BEEREZ'),
	(687, 'BEGAIE'),
	(688, 'BEGARD'),
	(689, 'BEGAYA'),
	(690, 'BEGAYE'),
	(691, 'BEGUES'),
	(692, 'BEGUIN'),
	(693, 'BEGUMS'),
	(694, 'BEHAIE'),
	(695, 'BEHAIS'),
	(696, 'BEIGES'),
	(697, 'BEIGNE'),
	(698, 'BEIONS'),
	(699, 'BEIRAM'),
	(700, 'BEKEES'),
	(701, 'BELAIS'),
	(702, 'BELAIT'),
	(703, 'BELANT'),
	(704, 'BELEES'),
	(705, 'BELENT'),
	(706, 'BELERA'),
	(707, 'BELGAS'),
	(708, 'BELGES'),
	(709, 'BELIER'),
	(710, 'BELIEZ'),
	(711, 'BELINO'),
	(712, 'BELLES'),
	(713, 'BELLOT'),
	(714, 'BELONS'),
	(715, 'BELOTE'),
	(716, 'BELUGA'),
	(717, 'BEMBAS'),
	(718, 'BEMOLS'),
	(719, 'BENARD'),
	(720, 'BENDIR'),
	(721, 'BENEFS'),
	(722, 'BENETS'),
	(723, 'BENIES'),
	(724, 'BENINS'),
	(725, 'BENIRA'),
	(726, 'BENITE'),
	(727, 'BENITS'),
	(728, 'BENJIS'),
	(729, 'BENNAI'),
	(730, 'BENNAS'),
	(731, 'BENNAT'),
	(732, 'BENNEE'),
	(733, 'BENNER'),
	(734, 'BENNES'),
	(735, 'BENNEZ'),
	(736, 'BENOIT'),
	(737, 'BENTOS'),
	(738, 'BENZOL'),
	(739, 'BEQUEE'),
	(740, 'BEQUET'),
	(741, 'BERCAI'),
	(742, 'BERCAS'),
	(743, 'BERCAT'),
	(744, 'BERCEE'),
	(745, 'BERCER'),
	(746, 'BERCES'),
	(747, 'BERCEZ'),
	(748, 'BERDIN'),
	(749, 'BERETS'),
	(750, 'BERGER'),
	(751, 'BERGES'),
	(752, 'BERLUE'),
	(753, 'BERMES'),
	(754, 'BERNAI'),
	(755, 'BERNAS'),
	(756, 'BERNAT'),
	(757, 'BERNEE'),
	(758, 'BERNER'),
	(759, 'BERNES'),
	(760, 'BERNEZ'),
	(761, 'BEROTS'),
	(762, 'BERTHE'),
	(763, 'BERYLS'),
	(764, 'BESACE'),
	(765, 'BESANT'),
	(766, 'BESETS'),
	(767, 'BESOIN'),
	(768, 'BESSIF'),
	(769, 'BESSON'),
	(770, 'BETAIL'),
	(771, 'BETEES'),
	(772, 'BETELS'),
	(773, 'BETIES'),
	(774, 'BETISA'),
	(775, 'BETISE'),
	(776, 'BETONS'),
	(777, 'BETTES'),
	(778, 'BETYLE'),
	(779, 'BEUGLA'),
	(780, 'BEUGLE'),
	(781, 'BEUGNA'),
	(782, 'BEUGNE'),
	(783, 'BEURES'),
	(784, 'BEURRA'),
	(785, 'BEURRE'),
	(786, 'BEUSES'),
	(787, 'BEVUES'),
	(788, 'BHAKTI'),
	(789, 'BIAISA'),
	(790, 'BIAISE'),
	(791, 'BIAUDE'),
	(792, 'BIAXES'),
	(793, 'BIBACE'),
	(794, 'BIBINE'),
	(795, 'BIBION'),
	(796, 'BIBITE'),
	(797, 'BIBLES'),
	(798, 'BIBLIO'),
	(799, 'BIBLIS'),
	(800, 'BICEPS'),
	(801, 'BICHAI'),
	(802, 'BICHAS'),
	(803, 'BICHAT'),
	(804, 'BICHER'),
	(805, 'BICHES'),
	(806, 'BICHEZ'),
	(807, 'BICHOF'),
	(808, 'BICHON'),
	(809, 'BICLOU'),
	(810, 'BICOLS'),
	(811, 'BICOTS'),
	(812, 'BIDENS'),
	(813, 'BIDENT'),
	(814, 'BIDETS'),
	(815, 'BIDONS'),
	(816, 'BIDOUS'),
	(817, 'BIDULE'),
	(818, 'BIELLE'),
	(819, 'BIERES'),
	(820, 'BIEVRE'),
	(821, 'BIFACE'),
	(822, 'BIFFAI'),
	(823, 'BIFFAS'),
	(824, 'BIFFAT'),
	(825, 'BIFFEE'),
	(826, 'BIFFER'),
	(827, 'BIFFES'),
	(828, 'BIFFEZ'),
	(829, 'BIFFIN'),
	(830, 'BIFIDE'),
	(831, 'BIFTON'),
	(832, 'BIGAME'),
	(833, 'BIGLAI'),
	(834, 'BIGLAS'),
	(835, 'BIGLAT'),
	(836, 'BIGLEE'),
	(837, 'BIGLER'),
	(838, 'BIGLES'),
	(839, 'BIGLEZ'),
	(840, 'BIGORS'),
	(841, 'BIGOTE'),
	(842, 'BIGOTS'),
	(843, 'BIGRES'),
	(844, 'BIGUES'),
	(845, 'BIHARI'),
	(846, 'BIJOUX'),
	(847, 'BIKERS'),
	(848, 'BIKEUR'),
	(849, 'BIKINI'),
	(850, 'BILAIS'),
	(851, 'BILAIT'),
	(852, 'BILAME'),
	(853, 'BILANS'),
	(854, 'BILANT'),
	(855, 'BILEES'),
	(856, 'BILENT'),
	(857, 'BILERA'),
	(858, 'BILEUX'),
	(859, 'BILIEE'),
	(860, 'BILIES'),
	(861, 'BILIEZ'),
	(862, 'BILLAI'),
	(863, 'BILLAS'),
	(864, 'BILLAT'),
	(865, 'BILLEE'),
	(866, 'BILLER'),
	(867, 'BILLES'),
	(868, 'BILLET'),
	(869, 'BILLEZ'),
	(870, 'BILLIG'),
	(871, 'BILLON'),
	(872, 'BILLOT'),
	(873, 'BILOBE'),
	(874, 'BILONS'),
	(875, 'BIMANE'),
	(876, 'BIMBOS'),
	(877, 'BIMODE'),
	(878, 'BINAGE'),
	(879, 'BINAIS'),
	(880, 'BINAIT'),
	(881, 'BINANT'),
	(882, 'BINARD'),
	(883, 'BINART'),
	(884, 'BINDIS'),
	(885, 'BINEES'),
	(886, 'BINENT'),
	(887, 'BINERA'),
	(888, 'BINEUR'),
	(889, 'BINGOS'),
	(890, 'BINIEZ'),
	(891, 'BINIOU'),
	(892, 'BINOME'),
	(893, 'BINONS'),
	(894, 'BINTJE'),
	(895, 'BIOGAZ'),
	(896, 'BIOLLE'),
	(897, 'BIOMES'),
	(898, 'BIOPIC'),
	(899, 'BIOTES'),
	(900, 'BIPAIS'),
	(901, 'BIPAIT'),
	(902, 'BIPALE'),
	(903, 'BIPANT'),
	(904, 'BIPARE'),
	(905, 'BIPBIP'),
	(906, 'BIPEDE'),
	(907, 'BIPEES'),
	(908, 'BIPENT'),
	(909, 'BIPERA'),
	(910, 'BIPERS'),
	(911, 'BIPEUR'),
	(912, 'BIPIED'),
	(913, 'BIPIEZ'),
	(914, 'BIPLAN'),
	(915, 'BIPOLE'),
	(916, 'BIPONS'),
	(917, 'BIQUAI'),
	(918, 'BIQUAS'),
	(919, 'BIQUAT'),
	(920, 'BIQUER'),
	(921, 'BIQUES'),
	(922, 'BIQUET'),
	(923, 'BIQUEZ'),
	(924, 'BIRBES'),
	(925, 'BIRDIE'),
	(926, 'BIREME'),
	(927, 'BIRIBI'),
	(928, 'BIRMAN'),
	(929, 'BISAIS'),
	(930, 'BISAIT'),
	(931, 'BISANT'),
	(932, 'BISEAU'),
	(933, 'BISEES'),
	(934, 'BISENT'),
	(935, 'BISERA'),
	(936, 'BISETS'),
	(937, 'BISHOP'),
	(938, 'BISIEZ'),
	(939, 'BISOCS'),
	(940, 'BISONS'),
	(941, 'BISOUS'),
	(942, 'BISQUA'),
	(943, 'BISQUE'),
	(944, 'BISSAB'),
	(945, 'BISSAC'),
	(946, 'BISSAI'),
	(947, 'BISSAP'),
	(948, 'BISSAS'),
	(949, 'BISSAT'),
	(950, 'BISSEE'),
	(951, 'BISSEL'),
	(952, 'BISSER'),
	(953, 'BISSES'),
	(954, 'BISSEZ'),
	(955, 'BISTRA'),
	(956, 'BISTRE'),
	(957, 'BISTRO'),
	(958, 'BITAIS'),
	(959, 'BITAIT'),
	(960, 'BITANT'),
	(961, 'BITEES'),
	(962, 'BITENT'),
	(963, 'BITERA'),
	(964, 'BITIEZ'),
	(965, 'BITMAP'),
	(966, 'BITONS'),
	(967, 'BITORD'),
	(968, 'BITTAI'),
	(969, 'BITTAS'),
	(970, 'BITTAT'),
	(971, 'BITTEE'),
	(972, 'BITTER'),
	(973, 'BITTES'),
	(974, 'BITTEZ'),
	(975, 'BITTUE'),
	(976, 'BITTUS'),
	(977, 'BITUBE'),
	(978, 'BITUES'),
	(979, 'BITUMA'),
	(980, 'BITUME'),
	(981, 'BITURA'),
	(982, 'BITURE'),
	(983, 'BIVEAU'),
	(984, 'BIZETS'),
	(985, 'BIZOUS'),
	(986, 'BIZUTA'),
	(987, 'BIZUTE'),
	(988, 'BIZUTH'),
	(989, 'BIZUTS'),
	(990, 'BLABLA'),
	(991, 'BLACKS'),
	(992, 'BLAFFS'),
	(993, 'BLAGUA'),
	(994, 'BLAGUE'),
	(995, 'BLAIRA'),
	(996, 'BLAIRE'),
	(997, 'BLAIRS'),
	(998, 'BLAMAI'),
	(999, 'BLAMAS'),
	(1000, 'BLAMAT'),
	(1001, 'BLAMEE'),
	(1002, 'BLAMER'),
	(1003, 'BLAMES'),
	(1004, 'BLAMEZ'),
	(1005, 'BLANCS'),
	(1006, 'BLASAI'),
	(1007, 'BLASAS'),
	(1008, 'BLASAT');

CREATE TABLE IF NOT EXISTS `tour` (
  `id` int(10) unsigned NOT NULL AUTO_INCREMENT,
  `id_j` int(10) unsigned NOT NULL,
  `id_mc` int(10) unsigned NOT NULL,
  PRIMARY KEY (`id`),
  KEY `FK_tour_joueur` (`id_j`),
  KEY `FK_tour_mot_cache` (`id_mc`),
  CONSTRAINT `FK_tour_joueur` FOREIGN KEY (`id_j`) REFERENCES `joueur` (`id`),
  CONSTRAINT `FK_tour_mot_cache` FOREIGN KEY (`id_mc`) REFERENCES `mot_cache` (`id`)
) ENGINE=InnoDB AUTO_INCREMENT=401 DEFAULT CHARSET=utf8;

INSERT INTO `tour` (`id`, `id_j`, `id_mc`) VALUES
	(1, 106, 21),
	(2, 48, 18),
	(3, 167, 8),
	(4, 160, 5),
	(5, 188, 23),
	(6, 82, 15),
	(7, 126, 6),
	(8, 81, 1),
	(9, 66, 1),
	(10, 67, 4),
	(11, 42, 20),
	(12, 58, 6),
	(13, 145, 23),
	(14, 194, 11),
	(15, 169, 1),
	(16, 124, 24),
	(17, 23, 13),
	(18, 33, 9),
	(19, 115, 2),
	(20, 13, 4),
	(21, 227, 19),
	(22, 51, 7),
	(23, 155, 4),
	(24, 8, 14),
	(25, 115, 18),
	(26, 143, 12),
	(27, 58, 14),
	(28, 125, 8),
	(29, 135, 22),
	(30, 148, 15),
	(31, 139, 14),
	(32, 106, 7),
	(33, 200, 25),
	(34, 187, 24),
	(35, 27, 17),
	(36, 58, 7),
	(37, 98, 16),
	(38, 37, 4),
	(39, 211, 3),
	(40, 187, 12),
	(41, 29, 19),
	(42, 4, 11),
	(43, 103, 8),
	(44, 26, 5),
	(45, 37, 3),
	(46, 7, 6),
	(47, 153, 5),
	(48, 232, 7),
	(49, 7, 15),
	(50, 51, 20),
	(51, 35, 25),
	(52, 16, 20),
	(53, 30, 6),
	(54, 71, 11),
	(55, 135, 13),
	(56, 35, 13),
	(57, 126, 12),
	(58, 1, 5),
	(59, 179, 20),
	(60, 226, 15),
	(61, 172, 1),
	(62, 73, 6),
	(63, 90, 14),
	(64, 120, 25),
	(65, 120, 17),
	(66, 145, 17),
	(67, 147, 20),
	(68, 134, 21),
	(69, 97, 26),
	(70, 96, 20),
	(71, 164, 23),
	(72, 28, 3),
	(73, 187, 2),
	(74, 159, 21),
	(75, 138, 8),
	(76, 217, 2),
	(77, 124, 18),
	(78, 192, 4),
	(79, 225, 26),
	(80, 118, 1),
	(81, 82, 26),
	(82, 93, 20),
	(83, 194, 13),
	(84, 146, 21),
	(85, 195, 6),
	(86, 147, 1),
	(87, 10, 15),
	(88, 36, 21),
	(89, 231, 11),
	(90, 143, 4),
	(91, 117, 5),
	(92, 133, 20),
	(93, 89, 3),
	(94, 37, 24),
	(95, 113, 18),
	(96, 94, 8),
	(97, 231, 20),
	(98, 224, 26),
	(99, 85, 24),
	(100, 83, 20),
	(101, 227, 81),
	(102, 73, 104),
	(103, 139, 121),
	(104, 5, 86),
	(105, 127, 37),
	(106, 190, 108),
	(107, 164, 125),
	(108, 83, 122),
	(109, 145, 45),
	(110, 155, 28),
	(111, 188, 46),
	(112, 168, 93),
	(113, 183, 139),
	(114, 233, 58),
	(115, 6, 50),
	(116, 19, 130),
	(117, 125, 121),
	(118, 66, 36),
	(119, 227, 54),
	(120, 64, 85),
	(121, 2, 81),
	(122, 82, 60),
	(123, 112, 107),
	(124, 112, 121),
	(125, 135, 76),
	(126, 153, 58),
	(127, 141, 36),
	(128, 1, 37),
	(129, 39, 45),
	(130, 137, 31),
	(131, 219, 109),
	(132, 42, 43),
	(133, 81, 99),
	(134, 35, 112),
	(135, 45, 120),
	(136, 192, 48),
	(137, 191, 61),
	(138, 27, 122),
	(139, 37, 31),
	(140, 205, 67),
	(141, 34, 109),
	(142, 211, 144),
	(143, 11, 124),
	(144, 24, 109),
	(145, 27, 59),
	(146, 164, 126),
	(147, 116, 132),
	(148, 87, 101),
	(149, 150, 34),
	(150, 20, 101),
	(151, 92, 54),
	(152, 7, 140),
	(153, 121, 70),
	(154, 44, 88),
	(155, 26, 91),
	(156, 216, 77),
	(157, 219, 104),
	(158, 202, 95),
	(159, 147, 119),
	(160, 57, 72),
	(161, 67, 142),
	(162, 136, 143),
	(163, 132, 66),
	(164, 227, 67),
	(165, 58, 140),
	(166, 147, 40),
	(167, 219, 77),
	(168, 210, 64),
	(169, 225, 71),
	(170, 78, 85),
	(171, 73, 68),
	(172, 83, 96),
	(173, 139, 29),
	(174, 43, 28),
	(175, 165, 149),
	(176, 106, 80),
	(177, 92, 46),
	(178, 116, 79),
	(179, 115, 128),
	(180, 135, 114),
	(181, 17, 56),
	(182, 5, 39),
	(183, 105, 59),
	(184, 194, 93),
	(185, 232, 148),
	(186, 38, 129),
	(187, 217, 69),
	(188, 194, 59),
	(189, 146, 147),
	(190, 216, 65),
	(191, 34, 68),
	(192, 149, 73),
	(193, 72, 135),
	(194, 88, 144),
	(195, 92, 53),
	(196, 160, 44),
	(197, 108, 80),
	(198, 108, 146),
	(199, 54, 45),
	(200, 98, 89),
	(201, 20, 420),
	(202, 85, 814),
	(203, 96, 193),
	(204, 176, 171),
	(205, 94, 951),
	(206, 20, 897),
	(207, 151, 729),
	(208, 169, 976),
	(209, 89, 515),
	(210, 195, 956),
	(211, 51, 687),
	(212, 177, 661),
	(213, 216, 304),
	(214, 227, 567),
	(215, 149, 39),
	(216, 197, 774),
	(217, 107, 405),
	(218, 146, 753),
	(219, 155, 246),
	(220, 167, 693),
	(221, 162, 677),
	(222, 194, 271),
	(223, 61, 160),
	(224, 189, 541),
	(225, 111, 234),
	(226, 13, 907),
	(227, 27, 582),
	(228, 57, 767),
	(229, 158, 715),
	(230, 44, 379),
	(231, 187, 822),
	(232, 74, 161),
	(233, 45, 705),
	(234, 148, 957),
	(235, 169, 931),
	(236, 41, 237),
	(237, 84, 710),
	(238, 5, 937),
	(239, 118, 649),
	(240, 8, 733),
	(241, 59, 571),
	(242, 17, 657),
	(243, 132, 853),
	(244, 2, 793),
	(245, 183, 39),
	(246, 158, 273),
	(247, 76, 657),
	(248, 19, 248),
	(249, 177, 771),
	(250, 171, 683),
	(251, 115, 708),
	(252, 191, 851),
	(253, 139, 404),
	(254, 106, 992),
	(255, 160, 732),
	(256, 105, 518),
	(257, 34, 199),
	(258, 215, 856),
	(259, 189, 286),
	(260, 173, 991),
	(261, 147, 907),
	(262, 66, 247),
	(263, 80, 380),
	(264, 120, 985),
	(265, 139, 915),
	(266, 165, 310),
	(267, 228, 581),
	(268, 24, 472),
	(269, 71, 747),
	(270, 92, 542),
	(271, 205, 686),
	(272, 225, 728),
	(273, 132, 488),
	(274, 39, 827),
	(275, 15, 199),
	(276, 183, 39),
	(277, 141, 604),
	(278, 218, 370),
	(279, 116, 806),
	(280, 177, 172),
	(281, 19, 872),
	(282, 43, 163),
	(283, 139, 379),
	(284, 115, 668),
	(285, 6, 421),
	(286, 194, 510),
	(287, 7, 496),
	(288, 219, 224),
	(289, 201, 776),
	(290, 71, 180),
	(291, 5, 257),
	(292, 210, 232),
	(293, 103, 687),
	(294, 113, 296),
	(295, 86, 718),
	(296, 99, 212),
	(297, 127, 487),
	(298, 40, 739),
	(299, 232, 221),
	(300, 212, 392),
	(301, 6, 941),
	(302, 1, 387),
	(303, 181, 536),
	(304, 27, 483),
	(305, 105, 284),
	(306, 134, 319),
	(307, 28, 543),
	(308, 114, 853),
	(309, 192, 719),
	(310, 15, 497),
	(311, 175, 777),
	(312, 209, 339),
	(313, 166, 375),
	(314, 50, 462),
	(315, 214, 724),
	(316, 193, 189),
	(317, 215, 730),
	(318, 158, 476),
	(319, 87, 242),
	(320, 93, 152),
	(321, 165, 212),
	(322, 140, 279),
	(323, 29, 867),
	(324, 175, 460),
	(325, 57, 485),
	(326, 90, 486),
	(327, 87, 500),
	(328, 151, 481),
	(329, 29, 419),
	(330, 168, 850),
	(331, 141, 664),
	(332, 146, 1000),
	(333, 105, 862),
	(334, 157, 505),
	(335, 71, 356),
	(336, 205, 609),
	(337, 16, 451),
	(338, 108, 171),
	(339, 110, 318),
	(340, 64, 230),
	(341, 116, 576),
	(342, 147, 493),
	(343, 127, 726),
	(344, 41, 894),
	(345, 14, 810),
	(346, 113, 39),
	(347, 50, 250),
	(348, 128, 545),
	(349, 186, 587),
	(350, 37, 166),
	(351, 16, 585),
	(352, 174, 636),
	(353, 199, 777),
	(354, 139, 664),
	(355, 212, 933),
	(356, 137, 371),
	(357, 6, 697),
	(358, 61, 983),
	(359, 40, 866),
	(360, 224, 564),
	(361, 90, 926),
	(362, 134, 702),
	(363, 188, 987),
	(364, 221, 608),
	(365, 14, 240),
	(366, 41, 304),
	(367, 138, 829),
	(368, 96, 39),
	(369, 74, 949),
	(370, 29, 654),
	(371, 214, 440),
	(372, 29, 569),
	(373, 134, 406),
	(374, 93, 470),
	(375, 167, 787),
	(376, 8, 812),
	(377, 216, 759),
	(378, 88, 609),
	(379, 78, 862),
	(380, 32, 744),
	(381, 63, 794),
	(382, 217, 894),
	(383, 192, 408),
	(384, 197, 386),
	(385, 96, 39),
	(386, 3, 396),
	(387, 98, 275),
	(388, 38, 806),
	(389, 176, 174),
	(390, 39, 627),
	(391, 128, 917),
	(392, 131, 813),
	(393, 177, 169),
	(394, 11, 727),
	(395, 41, 703),
	(396, 113, 39),
	(397, 131, 503),
	(398, 82, 517),
	(399, 231, 850),
	(400, 62, 613);
